et g = -13 + 115. What is the remainder when g is divided by 26?
24
Let q = 30 + -4. What is the remainder when q is divided by 15?
11
Let b(g) be the second derivative of -g**5/20 - g**4/3 + 2*g**3/3 + 7*g**2/2 + g. Calculate the remainder when 35 is divided by b(-5).
11
Suppose 7 = h - 3. Suppose -5*u = 18 - 213. What is the remainder when u is divided by h?
9
Suppose 5*u - 16 - 9 = 0. Suppose 2*h - 57 = -h. Calculate the remainder when h is divided by u.
4
Suppose 172 = 4*w - 4*q, -162 = -4*w - q - 0*q. Let d(k) = 1 - 5 - 5*k - k. What is the remainder when w is divided by d(-3)?
13
Let r(f) = -f**3 - 7*f**2 + 7*f - 2. Let c be r(-8). Let y be (9/c)/((-3)/(-2)). What is the remainder when 28 is divided by (y/2)/((-2)/(-40))?
8
Suppose 2*r = 2*b - 78 - 10, b - 2*r - 49 = 0. What is the remainder when b is divided by 15?
9
Suppose 0 = -68*t + 67*t + 6. What is the remainder when 35 is divided by t?
5
Let a(j) = 8*j + 5. Let c be a(4). Suppose -y = -2*y + c. Calculate the remainder when y is divided by 13.
11
Suppose -5*m + 10 - 36 = -3*g, -54 = -2*g - 4*m. Calculate the remainder when 65 is divided by g.
14
Suppose g - 15 = -4*g. Let n be ((-16)/(-10))/((-2)/(-25)). Suppose -g*k + 28 = -v, -2*v - 2*v = -n. Calculate the remainder when 31 is divided by k.
9
Let t(g) = 2*g - g + 1 - 2. Let q be t(-4). Let s(o) = o**3 + 4*o**2 - 6*o + 5. Calculate the remainder when 18 is divided by s(q).
8
Let p = 107 - 60. Calculate the remainder when p is divided by 17.
13
Let o = -111 - -156. What is the remainder when o is divided by 12?
9
Let v(b) be the first derivative of b**2 + 2. Let m be v(-6). What is the remainder when 34 is divided by (-2 - (-2)/2)*m?
10
Suppose -91*l + 89*l + 72 = 0. What is the remainder when 67 is divided by l?
31
Let l(k) = -k**3 - 9*k**2 - k - 3. Let d be l(-9). Let p(f) = f**3 - 5*f**2 - 3*f - 1. Suppose -1 = -4*m + 35. What is the remainder when p(d) is divided by m?
8
Suppose -4*l - 10 = -2*l, 5*t + 2*l - 95 = 0. Calculate the remainder when 51 is divided by t.
9
Suppose -o - 2*l + 22 = 0, o + 3*l = -2*l + 10. What is the remainder when 116 is divided by o?
26
Suppose 3*v - 5*i = 49, -2*i + 92 = 4*v + v. What is the remainder when 31 is divided by v?
13
Let q(j) = -j**2 - 27*j - 15. Suppose 4*s - 3*s = -2*z - 1, 3*z + 33 = 2*s. What is the remainder when q(-25) is divided by s?
8
Let u = 135 - 108. What is the remainder when u is divided by 15?
12
Let d = 589 + -338. Calculate the remainder when d is divided by 23.
21
Let g(w) = -w**2 - 8*w + 9. What is the remainder when g(-7) is divided by 1 + (-1)/(-1)*8?
7
Suppose 0 = -5*y + 1 + 139. Calculate the remainder when y is divided by 15.
13
Suppose 82 = 3*w - 59. What is the remainder when w is divided by 12?
11
Let k(z) = z - 9. What is the remainder when 19 is divided by k(16)?
5
Suppose 0 = q - b - 6, 5*q = -5*b + b + 30. Calculate the remainder when 29 is divided by q.
5
Let c = 7 - 4. Suppose 2*v - 6 = -v. Suppose 0 = g + g - 5*d - 60, -c*d - 56 = -v*g. Calculate the remainder when g is divided by 9.
7
Let c(m) = m**2 + 7*m + 11. What is the remainder when 54 is divided by c(-8)?
16
Suppose -3*t = -t - 82. Let p = 47 + -33. What is the remainder when t is divided by p?
13
Let y = 87 - 82. Calculate the remainder when 19 is divided by y.
4
Let r(o) = -4*o + 12. Let f(u) = 21*u - 61. Let n(g) = 2*f(g) + 11*r(g). What is the remainder when n(-11) is divided by 17?
15
Suppose 0*a + 3*y = 3*a - 171, -2*y = -4*a + 228. Suppose -75 = 4*t - 9*t. Calculate the remainder when a is divided by t.
12
Let u(n) = 15 - 4*n**2 - 7*n - 4 + 2*n**2 + n**2. Suppose -2*w - 13 = 3. What is the remainder when u(w) is divided by 2?
1
Let o be (-184)/(-6)*15/10. What is the remainder when 1/((-44)/o + 1) is divided by 12?
11
Suppose 5*g - 61 = -11. Let l(o) be the third derivative of o**5/60 + o**4/8 - o**3/2 + 2*o**2. Calculate the remainder when l(-8) is divided by g.
7
Let p(u) = 3*u**3 - 2*u**2 + u - 1. Calculate the remainder when p(2) is divided by 3 - (-8 + (0 - -2)).
8
Suppose 0 = 4*t - 0*t - 132. Suppose 3*f = -0*f + t. Suppose 0 = -4*c + 5*c - 32. Calculate the remainder when c is divided by f.
10
Suppose -z + 7 = a, 3*a - 2*a = 5*z - 17. What is the remainder when 5 is divided by ((-2)/(-4))/(1/z)?
1
Let g(p) = -p**3 - 5*p**2 + 6*p + 8. Let z = 276 - 271. What is the remainder when g(-6) is divided by z?
3
Let j be 2 + 0 - (1 - 5). Suppose -j*g = -g. Suppose 40 = x - g*x. What is the remainder when x is divided by 14?
12
Let w = 9 - -3. Let r = w - 8. Calculate the remainder when 13 is divided by r.
1
Suppose -2*h + 32 = 2*h - 2*a, -5*h - 5*a + 55 = 0. Let d(b) = -25*b. Let f be d(2). What is the remainder when f/(-3) - (-4)/(-6) is divided by h?
7
Suppose 4*f + r - 84 = 0, f - r - 21 = 3*r. Calculate the remainder when f is divided by 12.
9
Suppose 2*d + 2*d = 176. Calculate the remainder when d/(-6)*(-3 + -6) is divided by 17.
15
Let n be 2*6/(-16)*-4. Suppose -5*i + 24 = -n*i. Calculate the remainder when i is divided by 7.
5
Let w(d) = d**3 - 3*d**2 + 2*d + 4. Let j be w(3). What is the remainder when 94 is divided by 815/25 - 6/j?
30
Let t(z) = z**2 + 3*z - 2. Suppose 4*l - 3*l - 7 = -5*v, 0 = 3*v + 5*l + 9. Calculate the remainder when t(v) is divided by 5.
3
Let w(z) = -z + 8. Let s be w(6). Let j = s + 8. Calculate the remainder when j is divided by 6.
4
Let s be (-10)/(-4)*-4*-8. Suppose 0 = g + 5, 0 = h - g - 2*g - s. Calculate the remainder when h is divided by 22.
21
Let p = -1 - 11. Let m = -8 - p. Suppose -4*o = 3*a - 7 - 14, 3 = -3*a + 4*o. What is the remainder when m is divided by a?
1
Let l be (-28)/35 - 2/10. Let f(u) = -15*u**3 + 2*u + 1. What is the remainder when 53 is divided by f(l)?
11
Let c = -95 + 152. Suppose 3*k - 101 + 25 = -4*s, 3*s = -3*k + c. Calculate the remainder when s is divided by 10.
9
Suppose 5*t + 4 = t. What is the remainder when -2*(-6 + -1) + t is divided by 5?
3
Let u = -1 + 5. Suppose -3*o + 4*o - 11 = 0. Calculate the remainder when o is divided by u.
3
Calculate the remainder when 6/4*116/3 is divided by 20.
18
Let l(v) = -2*v - 15. Let j be l(-6). What is the remainder when -1 + j - (-92)/1 is divided by 18?
16
Suppose 7*i = 5 + 79. Calculate the remainder when 47 is divided by i.
11
Let v = -6 + 11. Calculate the remainder when 19 is divided by v.
4
Let d(l) = 2*l - l - 3 + 2. Let j be d(6). Calculate the remainder when 5 is divided by j + (-2)/((-3)/(-3)).
2
Let r = -1 + 6. Suppose -5*a - 3 = -13. Suppose -a*z = -j - 32, -2*z + 3*j + j + 44 = 0. What is the remainder when z is divided by r?
4
Suppose 5*p + 152 = 47. Calculate the remainder when 2*p/(-2) + 2 is divided by 13.
10
Let j(y) = -7*y - 4*y + 2*y**2 + 4 + 8*y. What is the remainder when j(6) is divided by 15?
13
Let h(t) be the first derivative of -t**4/4 + t**3/3 - t**2/2 + 2*t - 2. Calculate the remainder when 2 is divided by h(0).
0
Let q = -124 + 184. Calculate the remainder when q is divided by 16.
12
Suppose -6*x + 105 = -3*x. Calculate the remainder when x is divided by 13.
9
Let g(j) = -j - 1. Let u be g(0). Let k = 18 - u. What is the remainder when 55 is divided by k?
17
Let k(l) = l**2 + 16*l - 45. What is the remainder when k(12) is divided by 49?
46
Suppose -t - 2*t + 131 = 5*g, t = -3*g + 77. Suppose 4*j = 15 + g. What is the remainder when 19 is divided by j?
9
Let s = -97 + 123. Calculate the remainder when s is divided by 10.
6
Let m = -3 + 8. Let b = -22 + 29. What is the remainder when b is divided by m?
2
Suppose -5*y + 8 - 98 = -5*k, -3*k = 4*y + 44. Let j be (y/(-6) - 3)*-9. Let g = 20 - j. Calculate the remainder when g is divided by 8.
6
Let n = -4 - -19. Suppose -4*d = h - 9, 2*d - 6 = -3*h + 1. Let y = n + d. What is the remainder when y is divided by 6?
5
Let p be -20*1*8/(-10). Suppose -p = -2*y - 6. Let d = 24 - 11. Calculate the remainder when d is divided by y.
3
Suppose -l + 4 = 2. Let n(g) = 24*g - 2. Let j be n(l). Suppose 0 = -4*y - 3*z + 57, 0 = 3*y - 0*z - z - j. Calculate the remainder when 28 is divided by y.
13
Suppose 3*a - 2*v - 30 = v, 0 = 5*a + 3*v - 34. Let z = a + 2. Suppose -3*w = -2*w + 2, -68 = -2*d + 5*w. What is the remainder when d is divided by z?
9
Suppose d + 2*j = 5, j + j = -3*d + 23. What is the remainder when 69 